r) = a*r + 4*r + 14 - 21. Let d(b) = -b**3 - 6*b**2 - 5*b - 24. Let v be d(-6). Give h(v).
17
Let d be 5 + -2 - -1 - 2. Let q = -24 + 28. Let s(l) = 33*l**2 - 3 + 0 + q*l - 34*l**d. What is s(6)?
-15
Let u(o) = o**3 + 27*o**2 - 204*o + 30. Let d be u(6). Let n(v) = 4*v**3 + 7*v**2 + 3*v + 5. Let i(g) = g**3 - g. Let b(h) = -3*i(h) + n(h). Calculate b(d).
5
Let y(g) = g + 11. Suppose 5*h + 5*q + 586 = 1476, 4*q = -h + 172. Let v be 16/6*h/(-80). Calculate y(v).
5
Let v(h) = 30 - 11*h**2 + 44 + 702*h + h**3 - 17 - 687*h + 16*h**2. Determine v(-5).
-18
Let g(p) be the third derivative of -p**7/2520 + p**6/240 - 41*p**4/24 + 6*p**2 - 3. Let a(l) be the second derivative of g(l). Give a(-4).
-28
Let l(u) = -6 - 7 + 116*u - u**2 + 110*u + 112*u + 107*u - 456*u. Suppose -g = 3*b + 16, -2*g - 24 = b + b. Give l(g).
-3
Let v(j) = 4*j**2 - j + 2. Let w be (-13)/(-8) - (-33)/88 - 0. Determine v(w).
16
Let d(o) = -35*o**2. Let l be d(-1). Let q = 32 + l. Let u(g) = -g**3 - 3*g**2 + g - 3. Calculate u(q).
-6
Let f be 21/2*(-6)/(-9). Let g(v) = -11 + v + 2*v - 2*v - f*v. Give g(-3).
7
Let u = 307 + -52. Let f(i) = -3*i + 3 + 265*i**2 - 1 + 1 - u*i**2. Give f(2).
37
Let q be (92/874 - 42/38)*3. Let p(x) = -x**3 - 2*x - 6. Calculate p(q).
27
Let s(z) = z**3 - 23*z**2 + 27*z - 51. Let a be ((-319)/(-58))/((-11)/(-44)). Give s(a).
59
Let j(p) = 13*p**2 - 9. Let n(s) = 11*s**2 + s - 9. Let z(u) = 6*j(u) - 7*n(u). Suppose 23 = 4*d - 5*k - 22, 2*k + 10 = 0. What is z(d)?
-1
Suppose -2*q + 18 = 3*a, -5 = 5*q - 2*a - 3*a. Let f(p) = 11*p - 3*p**2 - 4 + p - 8*p. What is f(q)?
-19
Let i = -2162 - -2162. Let g(d) = d**2 + 2*d - 6. Calculate g(i).
-6
Let s(f) = 30*f + 3*f - 380 - 31*f + 9*f - 53*f. Determine s(-9).
-2
Let q be 7*(-5)/(70/(-12)). Let t(b) be the first derivative of 1/2*b**2 + 3*b + 132. Calculate t(q).
9
Suppose -4*a + 21 = -3*a. Let y = 9 + a. Suppose 5*f + y = -5*r, 5*r + 6 = 4*r - 4*f. Let c(s) = -s - 4. Determine c(r).
2
Suppose -224 = -6*m - 260. Let x(i) = -i**2 - 8*i - 6. Let d(k) = k**2 + 8*k + 6. Let p(t) = m*x(t) - 5*d(t). Give p(-5).
-9
Let t(p) = -p**2 - 10*p + 3. Let o(l) = 3*l**2 + 21*l - 66. Let h(x) = o(x) + 2*t(x). Determine h(0).
-60
Let a(t) be the first derivative of -t**3/3 - 9*t**2/2 - 7*t - 81. Give a(-9).
-7
Let c be (-2)/16*-2*12. Suppose -162 = -16*r - 50. Suppose -c = -d - r. Let k(m) = -m**3 - 5*m**2 - m + 3. Give k(d).
-9
Let g(i) = i**3 - 42*i**2 + 116*i + 32. Suppose 75*a = 10*a + 2535. Calculate g(a).
-7
Suppose -m - 3*b + 49 - 23 = 0, -5*m + 18 = b. Let a(s) = 37*s + 5. Determine a(m).
79
Let h(o) = -4562 - 4576 + 28*o + 13689 - 4584. What is h(3)?
51
Let r(t) be the second derivative of -t**7/252 - t**6/240 - t**5/60 - 11*t**4/3 - 13*t + 2. Let d(h) be the third derivative of r(h). Determine d(-1).
-9
Let o(p) = 2*p**3 + 24*p**2 + 2*p + 21. Let s(t) = 29*t + 17. Let c be s(-1). Determine o(c).
-3
Let g be (-4)/(-2) - (-11)/((-55)/30). Let k be 18 + 1 + g - 3. Suppose 3*d = 7*d + k. Let z(f) = -f**3 - 4*f**2 - 4*f - 4. Determine z(d).
-1
Let p(t) = 6*t**3 - t**2. Let z(u) = -31 - 8*u**3 + 20*u**2 + 8*u - 12*u**2 - 4*u + 7*u**3. Let n be z(8). Determine p(n).
5
Let c(y) = 10*y**3 - 43*y**2 - 4*y + 44. Let l(s) = -7*s**3 + 29*s**2 + 3*s - 34. Let f(u) = 5*c(u) + 7*l(u). Calculate f(12).
-6
Let m(b) = 149*b + 761. Let w(n) = 37*n + 191. Let o(f) = -4*m(f) + 17*w(f). What is o(-6)?
5
Let w(f) be the third derivative of -f**4/12 + 4*f**3/3 - 2075*f**2. Calculate w(9).
-10
Let j be 4104/(-414) + 10/(-115) + (-12)/2. Let s(n) = -n**2 - 19*n + 14. Give s(j).
62
Let l(z) = 8*z**2 + 2*z**2 - 29 + 2 + 4 - 2*z**2 + 119*z. Determine l(-15).
-8
Let s(x) = x**2 - x - 122. Let p = -9734 - -9734. Calculate s(p).
-122
Let h(o) = -5016 + 0*o**3 + 3*o**2 - 2*o + o**3 + 5016 - 4*o**2. Determine h(2).
0
Suppose 3*h - 2167 = 4*z, -11*h + 15*h - 2894 = 3*z. Let j(b) = -1451 - b + h + 716. Calculate j(-9).
-1
Let a be 282/24 - ((-30)/(-8) - 4). Let l be a/5*245/(-98). Let g(o) = 0 + 2 + 9*o + 3*o**2 - 2*o**2. Determine g(l).
-16
Let r(m) = -14*m - 119. Let p be 814/(-88) - ((-1)/(-4))/((-19)/95). What is r(p)?
-7
Let n(k) = -17*k - 35. Let w(l) = -54*l - 108. Let u(b) = -19*n(b) + 6*w(b). Give u(22).
-5
Let d(q) = q + 11. Suppose -6 = -7*a + 106. Suppose -a = -4*i, 0 = -p + 4*i - 7 - 15. Calculate d(p).
5
Suppose 38*q - 1819 - 945 = 352. Let f(t) = t**2 - 81*t - 82. Calculate f(q).
0
Let i(b) = 1092*b**3 + 31 - b - 42 + 8*b**2 - 1093*b**3. Determine i(8).
-19
Let o(i) = 4*i - 11 - 8*i + 10152*i**2 - i**3 - 10148*i**2 + 11*i. What is o(5)?
-1
Let k = -7928 + 7924. Let v(h) = -2*h**2 - 7*h. Calculate v(k).
-4
Let t(w) = -25*w - 1. Let h(a) = -546*a - 39. Let f(o) = -3*h(o) + 65*t(o). Give f(-7).
-39
Suppose -w + 1 = -4*k, 2*w + 0*k + 3*k - 2 = 0. Let g(q) = 0*q + q - 520*q**2 + 521*q**2 - w. What is g(1)?
1
Let a(q) = q**2 - q + 40. Let j = -296 + 295. Let f be 0*((-99)/162 + j/(-9)). Give a(f).
40
Let i(y) be the first derivative of -y**4/2 - 7*y**3/3 + 7*y**2/2 + y - 10314. Calculate i(-4).
-11
Let w(r) be the second derivative of -r**4/12 + 13*r**3/6 + 13*r**2 + 591*r - 1. Give w(-6).
-88
Let r(u) = -u**2 + 6*u - 3. Suppose -38*n + 1024 = -6*n. Suppose -a - n*a = -132. Determine r(a).
5
Let q be (-8 - 116*1/(-14)) + (-8)/28. Let k(b) = -2*b + 1. Determine k(q).
1
Let i(c) be the first derivative of c**2/2 - 4*c - 1. Let q(g) = 17*g**2 - 2*g - 5. Let a be q(-3). Let l be (88/a)/(2/14). Give i(l).
0
Let k be -22 + 5/((-15)/(-9)). Let v be k - (-2 - 7) - 1*-1. Let o(t) = t**3 + 8*t**2 - 8*t + 1. Determine o(v).
-8
Let i(m) = -m**3 + 3*m**2 - m + 4. Let y be i(2). Let r(o) be the second derivative of -22*o + 0 + 5/12*o**4 + o**3 - 1/20*o**5 + 0*o**2. Determine r(y).
0
Let a(p) = -7*p**2 + 10. Let o(n) = n**2 - 1. Let x(v) = -7*v - 55. Let i be x(-8). Let t(z) = i*a(z) + 6*o(z). Give t(3).
-5
Let k(x) = 386*x**2 + 3 - 393*x**2 - x**3 + 11*x + 5. Suppose 5*v + 18 + 7 = -3*q, 4*v + 37 = q. Calculate k(v).
-16
Let o(j) = -4 + 8*j + 3*j - 10*j + 5. What is o(14)?
15
Let w(b) = b**3 - b**2 + b. Suppose 3*m = 8*m - 20. Let r be (-11 - 815/(-75)) + 2 + 141/45. Suppose 0 = -r*c - m*u + 22, -2*c - 5*u + 24 = 5. Give w(c).
6
Let r be ((-3)/2)/(-1)*-4. Let x(d) be the third derivative of 3/2*d**3 + 1/60*d**5 + d**2 + 7/24*d**4 + 18 + 0*d. What is x(r)?
3
Let b = 192 - 161. Suppose -5*c - b = -86. Let i(r) = r**3 - 10*r**2 - 12*r - 7. Determine i(c).
-18
Let g = -3/3302 - -830/4953. Let d(z) be the third derivative of g*z**4 + 0 + 5/6*z**3 + 0*z + 7*z**2. Calculate d(-5).
-15
Let q(i) = i**3 + 21*i**2 + 20*i - 21. Suppose 23 = -b + l, 0 = -12*b + 13*b - 3*l + 29. Determine q(b).
-21
Let t(p) = 3 + 4 + 16*p**2 - 6. Suppose 2*s = 248 - 250. Determine t(s).
17
Let j(d) = -32823873 - 3*d + 32823884 + 0*d. Suppose c - 1 = 5. Determine j(c).
-7
Let a(k) = 9*k - 54. Let p be a(6). Let g(h) = -6*h - 2. Let i be g(p). Let s(l) be the first derivative of -l**4/2 - 2*l**3/3 - l**2/2 - l + 10. Give s(i).
9
Let t(p) = -6*p + 2. Let x(c) = 6*c**2 - 10*c - 24. Let k(i) = -i**2 - i + 1. Let m(n) = -4*k(n) - x(n). Let f be m(8). Suppose f*a - 4 = 4. What is t(a)?
-10
Let g(q) = q**2 + 44*q - 244. Suppose -16*f + 27 = -10 - 43. Determine g(f).
1
Let p(v) = -2*v**2 + v. Let x(l) = -3*l**2 - 11*l + 7. Let n(o) = 4*o**2 + 12*o - 8. Let b(j) = -6*n(j) - 7*x(j). Let u(h) = -b(h) + p(h). Calculate u(4).
1
Let c be (8/12)/((-2)/6). Let s(m) = -m**3 - 518*m**2 + 270*m**2 + 244*m**2 - 2*m - 2. Determine s(c).
-6
Let r(k) = -9*k - 100. Let v(n) = -8*n - 93. Let b(p) = -4*r(p) + 3*v(p). Give b(-11).
-11
Let c(s) = -2*s**3 - 3*s**2 - s + 2. Suppose -b + 2*w - 3 = 0, 0 = 5*b + 3*w + 16 - 1. Calculate c(b).
32
Let u = -2045 - -2040. Let i(w) = w**2 - 4*w - 24. Calculate i(u).
21
Let s(z) be the first derivative of -3*z + 0*z**2 - 70 - 2/3*z**3. What is s(0)?
-3
Let h(z) = -80*z - 342. Let u(s) = -82*s - 355. Let p(w) = 6*h(w) - 5*u(w). Determine p(-4).
3
Let a(z) = 11*z**2 - 3*z. Let m(q) = -11*q + 9 - 11*q**2 - 60 + 12*q**2 - 49. Let o be m(17). Give a(o).
38
Let i(t) = 15*t**2 + 5*t + 14. Let r(c) = 0 - 3 - 73*c**2 - 2*c - 2 + 68*c**2. Let l(s) = 4*i(s) + 11*r(s). Let u be (-3)/3*1*-1. What is l(u)?
4
Let z(l) = -l**2 - 13*l - 33. Let c be z(-4). Let a(f) = -1 - f + c*f + 0*f - 3*f. Wha